10). Give y(h).
-7
Let x(q) = -q**3 + 17*q**2 - 28*q - 36. Let s be x(15). Let j(b) = b**3 + 6*b**2 + 3*b - 2. What is j(s)?
-20
Suppose 6*a + 156 = 18*a. Let y(j) = -8*j**2 + 7*j - 3*j**2 - 3 - a*j**2 + 23*j**2. Determine y(6).
3
Let m(a) = a**2 - 8*a + 12. Let j be m(9). Suppose 2*g = -3*b - j, b + 2*b = -5*g - 39. Let s(h) = h**3 + 6*h**2 - 2*h + 5. Calculate s(g).
17
Let j(y) = -2*y + 3. Suppose 86 = 12*x + 2. Determine j(x).
-11
Suppose 0 = -v - 3*m + 5, -4*v - 48 = -5*m - 0*m. Let z(d) = d + 4. Let n be z(v). Let c be (2*(-9)/6)/n. Let i(t) = t**2 - 2*t + 1. Give i(c).
0
Let g(a) = a**3 - 2*a**2 - 3*a - 3. Suppose 5*w - 44 = 4*f, 4*f + 2*w = -3 - 13. Let z be (-1)/2*f - 0. Calculate g(z).
-3
Let i(r) = 24*r - 3 - 2*r**2 - 16*r - 11*r. Suppose -2*f + 12 = 2*m, 3*m + 0*f - 15 = -2*f. Suppose -g = m*g - 5*u + 8, 0 = 5*g + 3*u + 10. Give i(g).
-5
Let i(s) be the third derivative of s**4/12 + s**3/6 + 3*s**2 - 3*s. Give i(-6).
-11
Let l(h) be the first derivative of -h**4/2 - 3*h**2/2 + h - 180. Determine l(2).
-21
Let m be 9 + 552/(-56) - 1/7. Let d(l) = 28*l**2 - 2*l - 1. Determine d(m).
29
Let f(t) = t. Let z(x) = -3*x + 2. Let h(l) = 4*f(l) + z(l). Let b be h(-3). Let d(a) = 8*a**2 + 2*a + 1. What is d(b)?
7
Let m(u) be the second derivative of u**6/240 - u**5/120 - 3*u**4/4 + 4*u. Let p(i) be the third derivative of m(i). Suppose 6*l = 10*l - 4. What is p(l)?
2
Let j(h) = -h**2 + 8*h + 2. Let y(l) = -l**3 - 2*l**2 + 14*l + 2. Let p be y(-5). What is j(p)?
9
Suppose r = -2*d + 13, -d + 2*r - 4 - 2 = 0. Let q(z) = 2*z + 2 - 3*z + 2*z + 1. Calculate q(d).
7
Let d(y) = -y - 15. Let l(m) = 2*m - 28. Let t be l(5). Let f(j) = 2*j + 36. Let w be f(t). What is d(w)?
-15
Let v(f) = -f**3 - 7*f**2 - 5*f + 1. Let d(x) = -x**3 - x**2 - x. Let r(t) = -5*d(t) + v(t). Let k be r(1). Let g(w) = 3*w + 3. Calculate g(k).
12
Let k(t) be the first derivative of -t**2 + 2*t - 1. Let v(l) be the first derivative of l**2/2 - l + 18. Let n be v(7). Calculate k(n).
-10
Let m(b) = 0*b**2 + 7*b**3 + 6*b - b + 0*b**2 - 8*b**2. Let g(v) = -13*v**3 + 16*v**2 - 9*v - 1. Let q(t) = 6*g(t) + 11*m(t). Give q(8).
2
Let k(p) = -p - 5. Let r(x) be the first derivative of x**4/2 + 2*x**3/3 - 3*x**2/2 - 2*x + 2. Let o be r(-2). What is k(o)?
-1
Suppose 2*c = -2*c + 4*j + 636, -c = 4*j - 134. Let n = c + -157. Let k(d) = -10*d + 9. Let o(z) = -21*z + 19. Let m(y) = 13*k(y) - 6*o(y). Determine m(n).
15
Let h = -10 - -8. Let t be 2*(-3 + 2 - h). Let o(u) = 3*u + 3*u + 5*u**2 - 7*u + 7*u**t. Calculate o(-1).
13
Suppose -3*v = -2*h - 27, v + h - 3 - 11 = 0. Let a(f) = 7 - 2*f**3 - 2*f + 3*f**3 + 6*f**2 - v. Determine a(-6).
8
Let x(s) = s + 1. Let d(z) = -z**2 + 7*z + 6. Let j be d(7). Let f be -1*3/j*-6. Suppose 3*p + 4*m = -7, 5*m + f + 3 = -p. Determine x(p).
0
Let d = 356 - 360. Let q(k) = -k**2 - 6*k. Give q(d).
8
Let w(c) = 408 + 3*c + 437 - 863. Calculate w(8).
6
Let n be (-1 - (-16)/12) + (-25)/(-15). Let u(g) = -445*g**n + 6 - g + 452*g**2 + 0 - g**3. Calculate u(7).
-1
Let o be (-75)/(-27) + (-2)/(-9). Suppose 0 = -g - o + 5. Let y be g/(-8) - 77/44. Let l(r) = r**3 + r**2 + 2. What is l(y)?
-2
Let t(y) = y**3 - 11*y**2 - 2*y + 4. Let m = -478 + 489. What is t(m)?
-18
Let h(z) = -4*z + 1. Suppose -31 = -2*t + 49. Suppose t = -10*m - 0*m. What is h(m)?
17
Let m = 34 - 31. Suppose -m*k + 19 = -2. Let d(x) = x**3 - 6*x**2 - 7*x + 3. Calculate d(k).
3
Let l(g) = -2*g - 12. Let z(u) = -u**2 + 58*u - 233. Let p be z(4). What is l(p)?
22
Let s(t) = -3*t - 5*t**2 - 6 + 4*t**2 - 4 + 30 - 13. Determine s(-3).
7
Let n(p) be the first derivative of -p**4/4 + 4*p**3/3 + 3*p**2 - p - 328. What is n(5)?
4
Let p(g) = 8*g + 3 + 2 - 2 - 4 - g**2 + 2. Determine p(4).
17
Let j(s) be the second derivative of s**3/6 - 5*s**2 + s. Determine j(12).
2
Let w(a) = -a + 5. Let q be w(3). Let b(r) = -6*r**2 + 1 - 2*r - 8*r**2 + 7*r**q - r**2. Determine b(1).
-9
Let j(c) = -2*c - 9. Let p be j(-7). Let y(m) be the third derivative of -m**6/120 + m**5/12 + m**4/12 - 2*m**3/3 - 3*m**2 - 15. Calculate y(p).
6
Let l(b) = 3*b**3 + 3*b**2 - 3*b + 28. Let r(c) = -c**3 - c**2 + c - 14. Let a(z) = 2*l(z) + 5*r(z). What is a(0)?
-14
Let r(k) = -15 - 14*k - 2*k + 0*k**2 + k**2 - 3*k**2. Let d be r(-7). Let i(v) = -v - 1. Calculate i(d).
0
Let t be (-2)/(-4)*(32 + -30). Let k(w) = -10*w - 1. Give k(t).
-11
Let j = -28 + 31. Suppose r + 7 = q, -j*r + 6 = -5*r - 2*q. Let u(x) = -x**3 - 6*x**2 - 7*x - 4. What is u(r)?
6
Let p(a) = 15*a**2 - 1. Suppose -5 = -5*g - 4*k, -3*g - k + 3 = -0*g. Give p(g).
14
Suppose 4*d = -s - 20, 5*s = -3*d + 6*s - 15. Let b(g) be the second derivative of -1/3*g**4 + g + 0 + 3*g**2 + 7/6*g**3 - 1/20*g**5. Calculate b(d).
-4
Let d(q) = -q**3 + 7*q**2 + 2*q + 17. Suppose 4 + 34 = 4*b - 2*t, b - 11 = t. Give d(b).
-31
Let r(f) = -f**3 - 7*f**2 + f + 12. Let j be r(-7). Let h(t) = 2*t - 11. Let n(o) = 3*o - 12. Let v(c) = j*n(c) - 6*h(c). Determine v(-5).
-9
Let d(n) = -1352*n - 1344*n + 2697*n - 10. Give d(5).
-5
Let d(m) = 2*m - 31. Let a = -396 + 405. What is d(a)?
-13
Let h(t) = -2*t + 4. Let l be -1 + 2 + -4 - -6. Suppose -w + 7 + 2 = l*r, w = 3*r - 3. Determine h(w).
-2
Let k be 27/2 - (-3)/(-6). Let f be (-2)/k - 66/78. Let n(l) = l**3 - l - 1. Let i(y) = -11*y**3 - y**2 + 3*y + 4. Let a(q) = -i(q) - 4*n(q). What is a(f)?
-7
Let t(g) = g**3 + 5*g**2 + g - 19. Let l be t(-4). Let f(p) = p + 5. Calculate f(l).
-2
Let f(s) = s + 16. Let l be f(-13). Let z(x) = x**2 + 8*x - 3. Let j(t) = -2*t**2 - 16*t + 4. Let a(c) = l*j(c) + 5*z(c). Calculate a(-6).
9
Suppose -3*w - r + 19 = 0, -w + 23 = 2*w + 2*r. Let x(n) be the second derivative of -n**4/12 + 2*n**3/3 + 7*n**2/2 + 32*n. Give x(w).
2
Let z(w) = -w**3 - 4*w**2 - 4*w - 4. Let r(o) = 7*o + 31. Let m be 1*(2 + (-3 - 0)) - 4. Let q be r(m). Determine z(q).
12
Let k(r) = -21*r - 1. Let j = 329 - 330. Give k(j).
20
Let s = -575 + 589. Let w(v) = -v + 7. Determine w(s).
-7
Let c be 1/(1 + 10/(-12)). Let d(f) = 38*f**3 + 12 + 2*f - 37*f**3 - 5 - 6*f**2 - 2. Calculate d(c).
17
Let u(g) = -7*g - 7 - 8 + 2 + 4 - 1. What is u(-7)?
39
Let s(w) be the first derivative of -5*w**2/2 - 2*w - 14. What is s(2)?
-12
Suppose k - 2 + 10 = 0. Let o = -4 - k. Let i(n) = 6*n + 2 + 0*n - n**3 + o*n**2 + 2. Calculate i(5).
9
Let n(a) = -5*a**2 + 3*a. Let u be (-30)/40*8/(-3). Give n(u).
-14
Let c(a) = a + 3. Let g(x) = x - 1. Let b be g(-2). Give c(b).
0
Let j(r) = -r**3 + 5*r - 4. Suppose 4*p + 11 = 5*p. Suppose -7*m + p + 10 = 0. Give j(m).
-16
Let z(g) = -g**3 - 1 - g + 3*g - 4 + 0*g. Let o(j) = j**3 - j**2 - j + 4. Let n(q) = 4*o(q) + 3*z(q). Suppose -x = 5 - 7. Determine n(x).
-3
Suppose 0 = 49*p - 36*p. Let n(s) = s**3 - s - 40. What is n(p)?
-40
Let k(b) = 3*b**3 - 24*b**2 - 2*b - 21. Let g(z) = -z**3 + 8*z**2 + z + 7. Let p(q) = -8*g(q) - 3*k(q). What is p(8)?
-9
Let n be (-2)/(-1) + (-6)/(-6). Let l(j) = -n + j**2 + j**2 - 4*j**2 + 0*j**2 + 4*j. Let i(c) = -c. Let b be i(-2). Determine l(b).
-3
Let z(p) = p**3 - 7*p**2 - 8*p + 2. Suppose 3*g + 4*u - 16 = 0, 2*g + 18*u = 15*u + 10. What is z(g)?
2
Let d = 95 + -91. Let f(y) be the third derivative of 0*y - 1/24*y**d + 5*y**2 - 1/20*y**5 + 1/3*y**3 + 0. Calculate f(-2).
-8
Let b(k) = k + 31. Let g(p) = 9. Let j(d) = -2*b(d) + 7*g(d). Let m = -9 + 15. Let q = m - 7. Calculate j(q).
3
Suppose 0 = 5*l - 4*l. Let y(v) = 3*v + 6 + 10 + l*v - 7. What is y(-8)?
-15
Let g(o) = 2*o**3 + o**2 - 3*o + 1. Let f be (-2)/(-11) - 45/(-55). Determine g(f).
1
Let a(f) be the second derivative of f**4/12 + 3*f**2/2 - 3*f. Let t(x) = -x**2 + x - 3. Let i(d) = 6*a(d) + 5*t(d). Calculate i(-3).
-3
Let w = -3 + 2. Let n(f) = -14*f**2 + 3*f - 17. Let v be (5/15)/(1/(-18)). Let s(a) = -5*a**2 + a - 6. Let d(l) = v*n(l) + 17*s(l). Determine d(w).
0
Suppose 2*t + 7 = -3*u, -5*u + t + 0*t = -10. Let i(q) = 4*q**2 - 6*q - 8. Let x(c) = c**2 - 2*c - 3. Let b(z) = 4*i(z) - 11*x(z). Give b(u).
4
Let z be (15/9)/((-2)/6). Let p(x) be the third derivative of 0 + 0*x + 1/6*x**3 + 2*x**2 - 1/24*x**4. Calculate p(z).
6
Let t(q) = -11*q**2 + 16*q**2 + 2 - 4*q**2 + 5*q + 0*q**2. What is t(-3)?
-4
Suppose -5*j - 14 = z, 3*z = -3*j - 0*z - 6. Let g(q) = -q**2 + 8*q - 5. Let w be g(7). Let s(o) = 0*o**3 + 5 - 3 + o**3 + 2*o**w + 2. Calcula